4170 is divided by 337?
16
Calculate the remainder when 498 is divided by 40.
18
What is the remainder when 1936 is divided by 35?
11
Calculate the remainder when 22106 is divided by 3683.
8
What is the remainder when 6638 is divided by 62?
4
What is the remainder when 5217 is divided by 520?
17
What is the remainder when 10528 is divided by 1035?
178
Calculate the remainder when 1472 is divided by 1297.
175
What is the remainder when 3296 is divided by 809?
60
What is the remainder when 59963 is divided by 4?
3
Calculate the remainder when 114347 is divided by 28583.
15
What is the remainder when 2821 is divided by 451?
115
What is the remainder when 4618 is divided by 515?
498
Calculate the remainder when 64606 is divided by 24.
22
What is the remainder when 337092 is divided by 48155?
7
Calculate the remainder when 2374 is divided by 67.
29
What is the remainder when 34999 is divided by 22?
19
What is the remainder when 34920 is divided by 11596?
132
What is the remainder when 190847 is divided by 31806?
11
Calculate the remainder when 17135 is divided by 5705.
20
Calculate the remainder when 1621 is divided by 94.
23
Calculate the remainder when 12324 is divided by 3079.
8
Calculate the remainder when 5289 is divided by 441.
438
What is the remainder when 63193 is divided by 1128?
25
Calculate the remainder when 3868 is divided by 261.
214
Calculate the remainder when 59458 is divided by 318.
310
Calculate the remainder when 7685 is divided by 21.
20
Calculate the remainder when 4508 is divided by 2243.
22
Calculate the remainder when 107984 is divided by 21.
2
What is the remainder when 32094 is divided by 87?
78
What is the remainder when 2851 is divided by 1190?
471
What is the remainder when 2278 is divided by 2260?
18
What is the remainder when 33337 is divided by 858?
733
What is the remainder when 1391908 is divided by 8?
4
What is the remainder when 4171 is divided by 354?
277
Calculate the remainder when 102 is divided by 2.
0
What is the remainder when 1944 is divided by 451?
140
What is the remainder when 455 is divided by 86?
25
What is the remainder when 80781 is divided by 49?
29
Calculate the remainder when 33411 is divided by 2386.
7
What is the remainder when 943 is divided by 5?
3
What is the remainder when 30108 is divided by 33?
12
Calculate the remainder when 39225 is divided by 152.
9
Calculate the remainder when 28294 is divided by 24.
22
What is the remainder when 42996 is divided by 19?
18
What is the remainder when 4424 is divided by 92?
8
What is the remainder when 230 is divided by 123?
107
What is the remainder when 608725 is divided by 62?
9
Calculate the remainder when 2217 is divided by 124.
109
Calculate the remainder when 27961 is divided by 2327.
37
Calculate the remainder when 2096 is divided by 20.
16
Calculate the remainder when 27303 is divided by 13643.
17
What is the remainder when 36351 is divided by 569?
504
Calculate the remainder when 24185 is divided by 126.
119
What is the remainder when 49005 is divided by 1139?
28
Calculate the remainder when 9189 is divided by 266.
145
What is the remainder when 4573 is divided by 69?
19
What is the remainder when 4497 is divided by 1121?
13
Calculate the remainder when 16886 is divided by 1836.
362
What is the remainder when 18409 is divided by 21?
13
What is the remainder when 13773 is divided by 4575?
48
Calculate the remainder when 1588 is divided by 39.
28
What is the remainder when 129806 is divided by 16?
14
What is the remainder when 683 is divided by 45?
8
What is the remainder when 202692 is divided by 50671?
8
What is the remainder when 25043 is divided by 1088?
19
What is the remainder when 2652 is divided by 143?
78
Calculate the remainder when 112328 is divided by 952.
944
Calculate the remainder when 6587 is divided by 228.
203
Calculate the remainder when 4553 is divided by 990.
593
What is the remainder when 3529 is divided by 1577?
375
Calculate the remainder when 513 is divided by 97.
28
What is the remainder when 653359 is divided by 429?
421
Calculate the remainder when 5506 is divided by 95.
91
What is the remainder when 1129 is divided by 672?
457
Calculate the remainder when 1754116 is divided by 18.
16
What is the remainder when 522 is divided by 107?
94
What is the remainder when 243120 is divided by 22?
20
Calculate the remainder when 15726 is divided by 507.
9
What is the remainder when 15888 is divided by 51?
27
What is the remainder when 16793 is divided by 1535?
1443
What is the remainder when 372003 is divided by 235?
233
Calculate the remainder when 20744 is divided by 4147.
9
What is the remainder when 126875 is divided by 327?
326
What is the remainder when 736 is divided by 433?
303
What is the remainder when 435229 is divided by 87043?
14
Calculate the remainder when 11539 is divided by 391.
200
What is the remainder when 12629 is divided by 6299?
31
What is the remainder when 225897 is divided by 753?
750
Calculate the remainder when 139868 is divided by 197.
195
Calculate the remainder when 52681 is divided by 51.
49
What is the remainder when 102618 is divided by 25652?
10
Calculate the remainder when 2979 is divided by 323.
72
Calculate the remainder when 2890 is divided by 292.
262
What is the remainder when 1282 is divided by 38?
28
Calculate the remainder when 1092 is divided by 434.
224
Calculate the remainder when 14920 is divided by 52.
48
Calculate the remainder when 480217 is divided by 160066.
19
What is the remainder when 1283 is divided by 349?
236
What is the remainder when 937 is divided by 795?
142
Calculate the remainder when 19604 is divided by 3917.
19
What is the remainder when 8497 is divided by 27?
19
What is the remainder when 1430308 is divided by 17?
13
Calculate the remainder when 40134 is divided by 36.
30
Calculate the remainder when 14749 is divided by 2093.
98
Calculate the remainder when 673 is divided by 33.
13
Calculate the remainder when 30181 is divided by 72.
13
What is the remainder when 46061 is divided by 614?
11
What is the remainder when 5384 is divided by 537?
14
What is the remainder when 5273 is divided by 1303?
61
Calculate the remainder when 10212 is divided by 3393.
33
Calculate the remainder when 175563 is divided by 87772.
19
What is the remainder when 2860 is divided by 2635?
225
Calculate the remainder when 2834 is divided by 20.
14
Calculate the remainder when 3421829 is divided by 619.
616
What is the remainder when 2763 is divided by 132?
123
Calculate the remainder when 1467 is divided by 17.
5
What is the remainder when 5362 is divided by 12?
10
Calculate the remainder when 67943 is divided by 152.
151
Calculate the remainder when 7470 is divided by 999.
477
What is the remainder when 7516 is divided by 25?
16
Calculate the remainder when 7108 is divided by 3552.
4
Calculate the remainder when 20616 is divided by 558.
528
What is the remainder when 13048 is divided by 1004?
1000
What is the remainder when 22664 is divided by 7548?
20
What is the remainder when 436093 is divided by 700?
693
What is the remainder when 2366 is divided by 765?
71
What is the remainder when 2690 is divided by 85?
55
Calculate the remainder when 3226 is divided by 1570.
86
What is the remainder when 1020 is divided by 383?
254
Calculate the remainder when 11571 is divided by 157.
110
What is the remainder when 15530 is divided by 216?
194
Calculate the remainder when 32435 is divided by 2492.
39
What is the remainder when 853244 is divided by 768?
764
What is the remainder when 3040 is divided by 347?
264
What is the remainder when 24285 is divided by 24?
21
What is the remainder when 1615092 is divided by 100?
92
What is the remainder when 1270198 is divided by 11?
6
Calculate the remainder when 7709 is divided by 2541.
86
What is the remainder when 5569 is divided by 83?
8
What is the remainder when 9498 is divided by 582?
186
What is the remainder when 475 is divided by 263?
212
What is the remainder when 8172 is divided by 389?
3
What is the remainder when 26674 is divided by 310?
14
Calculate the remainder when 23173 is divided by 1783.
1777
Calculate the remainder when 14918 is divided by 454.
390
Calculate the remainder when 6676 is divided by 1793.
1297
Calculate the remain